{"id":648,"date":"2023-01-16T18:11:14","date_gmt":"2023-01-16T17:11:14","guid":{"rendered":"https:\/\/wordpress.feuerwehr-waldstetten.de\/wordpress\/?page_id=648"},"modified":"2024-06-30T00:07:33","modified_gmt":"2024-06-29T22:07:33","slug":"gw-t","status":"publish","type":"page","link":"https:\/\/wordpress.feuerwehr-waldstetten.de\/wordpress\/gw-t\/","title":{"rendered":"GW-T"},"content":{"rendered":"\t\t<div data-elementor-type=\"wp-page\" data-elementor-id=\"648\" class=\"elementor elementor-648\" data-elementor-post-type=\"page\">\n\t\t\t\t\t\t<section class=\"elementor-section elementor-top-section elementor-element elementor-element-f746e95 elementor-section-boxed elementor-section-height-default elementor-section-height-default\" data-id=\"f746e95\" data-element_type=\"section\" data-e-type=\"section\">\n\t\t\t\t\t\t<div class=\"elementor-container elementor-column-gap-default\">\n\t\t\t\t\t<div class=\"elementor-column elementor-col-100 elementor-top-column elementor-element elementor-element-c33c426\" data-id=\"c33c426\" data-element_type=\"column\" data-e-type=\"column\">\n\t\t\t<div class=\"elementor-widget-wrap elementor-element-populated\">\n\t\t\t\t\t\t<div class=\"elementor-element elementor-element-d6d107c elementor-widget elementor-widget-spacer\" data-id=\"d6d107c\" data-element_type=\"widget\" data-e-type=\"widget\" data-widget_type=\"spacer.default\">\n\t\t\t\t<div class=\"elementor-widget-container\">\n\t\t\t\t\t\t\t<div class=\"elementor-spacer\">\n\t\t\t<div class=\"elementor-spacer-inner\"><\/div>\n\t\t<\/div>\n\t\t\t\t\t\t<\/div>\n\t\t\t\t<\/div>\n\t\t\t\t\t<\/div>\n\t\t<\/div>\n\t\t\t\t\t<\/div>\n\t\t<\/section>\n\t\t\t\t<section class=\"elementor-section elementor-top-section elementor-element elementor-element-e82fb91 elementor-section-boxed elementor-section-height-default elementor-section-height-default\" data-id=\"e82fb91\" data-element_type=\"section\" data-e-type=\"section\">\n\t\t\t\t\t\t<div class=\"elementor-container elementor-column-gap-default\">\n\t\t\t\t\t<div class=\"elementor-column elementor-col-33 elementor-top-column elementor-element elementor-element-707fa45\" data-id=\"707fa45\" data-element_type=\"column\" data-e-type=\"column\">\n\t\t\t<div class=\"elementor-widget-wrap elementor-element-populated\">\n\t\t\t\t\t\t<div class=\"elementor-element elementor-element-34d4c75 elementor-widget elementor-widget-image\" data-id=\"34d4c75\" data-element_type=\"widget\" data-e-type=\"widget\" data-widget_type=\"image.default\">\n\t\t\t\t<div class=\"elementor-widget-container\">\n\t\t\t\t\t\t\t\t\t\t\t\t\t\t\t<img fetchpriority=\"high\" decoding=\"async\" width=\"1024\" height=\"684\" src=\"https:\/\/wordpress.feuerwehr-waldstetten.de\/wordpress\/wp-content\/uploads\/2024\/06\/IMG_4079-scaled-e1719698704112-1024x684.jpeg\" class=\"attachment-large size-large wp-image-1454\" alt=\"\" srcset=\"https:\/\/wordpress.feuerwehr-waldstetten.de\/wordpress\/wp-content\/uploads\/2024\/06\/IMG_4079-scaled-e1719698704112-1024x684.jpeg 1024w, https:\/\/wordpress.feuerwehr-waldstetten.de\/wordpress\/wp-content\/uploads\/2024\/06\/IMG_4079-scaled-e1719698704112-300x200.jpeg 300w, https:\/\/wordpress.feuerwehr-waldstetten.de\/wordpress\/wp-content\/uploads\/2024\/06\/IMG_4079-scaled-e1719698704112-768x513.jpeg 768w, https:\/\/wordpress.feuerwehr-waldstetten.de\/wordpress\/wp-content\/uploads\/2024\/06\/IMG_4079-scaled-e1719698704112-1536x1026.jpeg 1536w, https:\/\/wordpress.feuerwehr-waldstetten.de\/wordpress\/wp-content\/uploads\/2024\/06\/IMG_4079-scaled-e1719698704112-2048x1368.jpeg 2048w, https:\/\/wordpress.feuerwehr-waldstetten.de\/wordpress\/wp-content\/uploads\/2024\/06\/IMG_4079-scaled-e1719698704112-930x620.jpeg 930w\" sizes=\"(max-width: 1024px) 100vw, 1024px\" \/>\t\t\t\t\t\t\t\t\t\t\t\t\t\t\t<\/div>\n\t\t\t\t<\/div>\n\t\t\t\t\t<\/div>\n\t\t<\/div>\n\t\t\t\t<div class=\"elementor-column elementor-col-66 elementor-top-column elementor-element elementor-element-bbad75f\" data-id=\"bbad75f\" data-element_type=\"column\" data-e-type=\"column\">\n\t\t\t<div class=\"elementor-widget-wrap elementor-element-populated\">\n\t\t\t\t\t\t<div class=\"elementor-element elementor-element-a902f44 elementor-widget elementor-widget-text-editor\" data-id=\"a902f44\" data-element_type=\"widget\" data-e-type=\"widget\" data-widget_type=\"text-editor.default\">\n\t\t\t\t<div class=\"elementor-widget-container\">\n\t\t\t\t\t\t\t\t\t<h1>GW-T<\/h1><p><strong>Typ:\u00a0<\/strong><em>Ger\u00e4tewagen Transport<\/em><br \/><strong>Funkrufname:\u00a0<\/strong><em>WA 1-74<\/em><br \/><strong>Fahrgestell:\u00a0<\/strong><em>MAN TGL 8.220<\/em><br \/><strong>Aufbau:\u00a0<\/strong><em>Barth<\/em><br \/><strong>Baujahr:\u00a0<\/strong><em>2014<\/em><br \/><strong>Gesamtgewicht:\u00a0<\/strong><em>8.000kg<\/em><br \/><strong>Leistung:\u00a0<\/strong><em>220 PS<\/em><\/p><p>\u00a0<\/p>\t\t\t\t\t\t\t\t<\/div>\n\t\t\t\t<\/div>\n\t\t\t\t\t<\/div>\n\t\t<\/div>\n\t\t\t\t\t<\/div>\n\t\t<\/section>\n\t\t\t\t<section class=\"elementor-section elementor-top-section elementor-element elementor-element-28702b6 elementor-section-boxed elementor-section-height-default elementor-section-height-default\" data-id=\"28702b6\" data-element_type=\"section\" data-e-type=\"section\">\n\t\t\t\t\t\t<div class=\"elementor-container elementor-column-gap-default\">\n\t\t\t\t\t<div class=\"elementor-column elementor-col-33 elementor-top-column elementor-element elementor-element-ad30856\" data-id=\"ad30856\" data-element_type=\"column\" data-e-type=\"column\">\n\t\t\t<div class=\"elementor-widget-wrap\">\n\t\t\t\t\t\t\t<\/div>\n\t\t<\/div>\n\t\t\t\t<div class=\"elementor-column elementor-col-66 elementor-top-column elementor-element elementor-element-365d6d6\" data-id=\"365d6d6\" data-element_type=\"column\" data-e-type=\"column\">\n\t\t\t<div class=\"elementor-widget-wrap elementor-element-populated\">\n\t\t\t\t\t\t<div class=\"elementor-element elementor-element-a421967 elementor-widget elementor-widget-heading\" data-id=\"a421967\" data-element_type=\"widget\" data-e-type=\"widget\" data-widget_type=\"heading.default\">\n\t\t\t\t<div class=\"elementor-widget-container\">\n\t\t\t\t\t<h2 class=\"elementor-heading-title elementor-size-default\">Beschreibung<\/h2>\t\t\t\t<\/div>\n\t\t\t\t<\/div>\n\t\t\t\t\t<\/div>\n\t\t<\/div>\n\t\t\t\t\t<\/div>\n\t\t<\/section>\n\t\t\t\t<section class=\"elementor-section elementor-top-section elementor-element elementor-element-b0a21c1 elementor-section-boxed elementor-section-height-default elementor-section-height-default\" data-id=\"b0a21c1\" data-element_type=\"section\" data-e-type=\"section\">\n\t\t\t\t\t\t<div class=\"elementor-container elementor-column-gap-default\">\n\t\t\t\t\t<div class=\"elementor-column elementor-col-33 elementor-top-column elementor-element elementor-element-a35aac1\" data-id=\"a35aac1\" data-element_type=\"column\" data-e-type=\"column\">\n\t\t\t<div class=\"elementor-widget-wrap\">\n\t\t\t\t\t\t\t<\/div>\n\t\t<\/div>\n\t\t\t\t<div class=\"elementor-column elementor-col-66 elementor-top-column elementor-element elementor-element-7018eac\" data-id=\"7018eac\" data-element_type=\"column\" data-e-type=\"column\">\n\t\t\t<div class=\"elementor-widget-wrap elementor-element-populated\">\n\t\t\t\t\t\t<div class=\"elementor-element elementor-element-50edaf0 elementor-widget elementor-widget-text-editor\" data-id=\"50edaf0\" data-element_type=\"widget\" data-e-type=\"widget\" data-widget_type=\"text-editor.default\">\n\t\t\t\t<div class=\"elementor-widget-container\">\n\t\t\t\t\t\t\t\t\t<p><strong>Der GW-T dient als Versorgungsfahrzeug. Er wurde in einem seltenen Konzept gemeinsam mit dem LF 10 beschafft und \u00fcbernimmt durch dazugeh\u00f6rige Themenw\u00e4gen die Komponenten, die sonst mit auf dem Gro\u00dffahrzeug h\u00e4tten verlastet werden m\u00fcssen. Dadurch steigt die Flexibilit\u00e4t im Einsatz enorm. Zus\u00e4tzlich wird dieses Fahrzeug h\u00e4ufig von den Ger\u00e4tewarten f\u00fcr Betriebsfahrten genutzt.<\/strong><\/p>\t\t\t\t\t\t\t\t<\/div>\n\t\t\t\t<\/div>\n\t\t\t\t\t<\/div>\n\t\t<\/div>\n\t\t\t\t\t<\/div>\n\t\t<\/section>\n\t\t\t\t<section class=\"elementor-section elementor-top-section elementor-element elementor-element-1d038a6 elementor-section-boxed elementor-section-height-default elementor-section-height-default\" data-id=\"1d038a6\" data-element_type=\"section\" data-e-type=\"section\">\n\t\t\t\t\t\t<div class=\"elementor-container elementor-column-gap-default\">\n\t\t\t\t\t<div class=\"elementor-column elementor-col-66 elementor-top-column elementor-element elementor-element-28253a9\" data-id=\"28253a9\" data-element_type=\"column\" data-e-type=\"column\">\n\t\t\t<div class=\"elementor-widget-wrap elementor-element-populated\">\n\t\t\t\t\t\t<div class=\"elementor-element elementor-element-0c2ea47 elementor-widget elementor-widget-heading\" data-id=\"0c2ea47\" data-element_type=\"widget\" data-e-type=\"widget\" data-widget_type=\"heading.default\">\n\t\t\t\t<div class=\"elementor-widget-container\">\n\t\t\t\t\t<h2 class=\"elementor-heading-title elementor-size-default\">Impressionen<\/h2>\t\t\t\t<\/div>\n\t\t\t\t<\/div>\n\t\t\t\t\t<\/div>\n\t\t<\/div>\n\t\t\t\t<div class=\"elementor-column elementor-col-33 elementor-top-column elementor-element elementor-element-a867b71\" data-id=\"a867b71\" data-element_type=\"column\" data-e-type=\"column\">\n\t\t\t<div class=\"elementor-widget-wrap\">\n\t\t\t\t\t\t\t<\/div>\n\t\t<\/div>\n\t\t\t\t\t<\/div>\n\t\t<\/section>\n\t\t\t\t<section class=\"elementor-section elementor-top-section elementor-element elementor-element-7776618 elementor-section-boxed elementor-section-height-default elementor-section-height-default\" data-id=\"7776618\" data-element_type=\"section\" data-e-type=\"section\">\n\t\t\t\t\t\t<div class=\"elementor-container elementor-column-gap-default\">\n\t\t\t\t\t<div class=\"elementor-column elementor-col-100 elementor-top-column elementor-element elementor-element-314630b\" data-id=\"314630b\" data-element_type=\"column\" data-e-type=\"column\">\n\t\t\t<div class=\"elementor-widget-wrap elementor-element-populated\">\n\t\t\t\t\t\t<div class=\"elementor-element elementor-element-8306958 elementor-widget elementor-widget-gallery\" data-id=\"8306958\" data-element_type=\"widget\" data-e-type=\"widget\" data-settings=\"{&quot;lazyload&quot;:&quot;yes&quot;,&quot;gallery_layout&quot;:&quot;grid&quot;,&quot;columns&quot;:4,&quot;columns_tablet&quot;:2,&quot;columns_mobile&quot;:1,&quot;gap&quot;:{&quot;unit&quot;:&quot;px&quot;,&quot;size&quot;:10,&quot;sizes&quot;:[]},&quot;gap_tablet&quot;:{&quot;unit&quot;:&quot;px&quot;,&quot;size&quot;:10,&quot;sizes&quot;:[]},&quot;gap_mobile&quot;:{&quot;unit&quot;:&quot;px&quot;,&quot;size&quot;:10,&quot;sizes&quot;:[]},&quot;link_to&quot;:&quot;file&quot;,&quot;aspect_ratio&quot;:&quot;3:2&quot;,&quot;show_all_galleries&quot;:&quot;yes&quot;,&quot;overlay_background&quot;:&quot;yes&quot;,&quot;content_hover_animation&quot;:&quot;fade-in&quot;}\" data-widget_type=\"gallery.default\">\n\t\t\t\t<div class=\"elementor-widget-container\">\n\t\t\t\t\t\t\t\t<div class=\"elementor-gallery__titles-container e--pointer-none\" aria-label=\"Galeriefilter\">\n\t\t\t\t\t\t\t\t\t<a class=\"elementor-item elementor-gallery-title\" role=\"button\" tabindex=\"0\" data-gallery-index=\"all\">\n\t\t\t\t\t\t\t\t\t\t\t<\/a>\n\t\t\t\t\n\t\t\t\t\t\t\t\t\t<a class=\"elementor-item elementor-gallery-title\" role=\"button\" tabindex=\"0\" data-gallery-index=\"0\">\n\t\t\t\t\t\t\t\t\t\t\t<\/a>\n\t\t\t\t\t\t\t\t<\/div>\n\t\t\t\t\t<div class=\"elementor-gallery__container\">\n\t\t\t\t\t\t\t<a class=\"e-gallery-item elementor-gallery-item elementor-animated-content\" data-e-gallery-tags=\"0\" href=\"https:\/\/wordpress.feuerwehr-waldstetten.de\/wordpress\/wp-content\/uploads\/2024\/06\/IMG_4086-scaled.jpeg\" data-elementor-open-lightbox=\"yes\" data-elementor-lightbox-slideshow=\"8306958\" data-elementor-lightbox-title=\"IMG_4086\" data-e-action-hash=\"#elementor-action%3Aaction%3Dlightbox%26settings%3DeyJpZCI6MTQ1OCwidXJsIjoiaHR0cHM6XC9cL3dvcmRwcmVzcy5mZXVlcndlaHItd2FsZHN0ZXR0ZW4uZGVcL3dvcmRwcmVzc1wvd3AtY29udGVudFwvdXBsb2Fkc1wvMjAyNFwvMDZcL0lNR180MDg2LXNjYWxlZC5qcGVnIiwic2xpZGVzaG93IjoiODMwNjk1OCJ9\">\n\t\t\t\t\t<div class=\"e-gallery-image elementor-gallery-item__image\" data-thumbnail=\"https:\/\/wordpress.feuerwehr-waldstetten.de\/wordpress\/wp-content\/uploads\/2024\/06\/IMG_4086-300x225.jpeg\" data-width=\"300\" data-height=\"225\" aria-label=\"\" role=\"img\" ><\/div>\n\t\t\t\t\t\t\t\t\t\t\t<div class=\"elementor-gallery-item__overlay\"><\/div>\n\t\t\t\t\t\t\t\t\t\t\t\t\t\t<\/a>\n\t\t\t\t\t\t\t<a class=\"e-gallery-item elementor-gallery-item elementor-animated-content\" data-e-gallery-tags=\"0\" href=\"https:\/\/wordpress.feuerwehr-waldstetten.de\/wordpress\/wp-content\/uploads\/2024\/06\/IMG_4089-scaled.jpeg\" data-elementor-open-lightbox=\"yes\" data-elementor-lightbox-slideshow=\"8306958\" data-elementor-lightbox-title=\"IMG_4089\" data-e-action-hash=\"#elementor-action%3Aaction%3Dlightbox%26settings%3DeyJpZCI6MTQ1OSwidXJsIjoiaHR0cHM6XC9cL3dvcmRwcmVzcy5mZXVlcndlaHItd2FsZHN0ZXR0ZW4uZGVcL3dvcmRwcmVzc1wvd3AtY29udGVudFwvdXBsb2Fkc1wvMjAyNFwvMDZcL0lNR180MDg5LXNjYWxlZC5qcGVnIiwic2xpZGVzaG93IjoiODMwNjk1OCJ9\">\n\t\t\t\t\t<div class=\"e-gallery-image elementor-gallery-item__image\" data-thumbnail=\"https:\/\/wordpress.feuerwehr-waldstetten.de\/wordpress\/wp-content\/uploads\/2024\/06\/IMG_4089-300x225.jpeg\" data-width=\"300\" data-height=\"225\" aria-label=\"\" role=\"img\" ><\/div>\n\t\t\t\t\t\t\t\t\t\t\t<div class=\"elementor-gallery-item__overlay\"><\/div>\n\t\t\t\t\t\t\t\t\t\t\t\t\t\t<\/a>\n\t\t\t\t\t\t\t<a class=\"e-gallery-item elementor-gallery-item elementor-animated-content\" data-e-gallery-tags=\"0\" href=\"https:\/\/wordpress.feuerwehr-waldstetten.de\/wordpress\/wp-content\/uploads\/2024\/06\/IMG_4084-scaled.jpeg\" data-elementor-open-lightbox=\"yes\" data-elementor-lightbox-slideshow=\"8306958\" data-elementor-lightbox-title=\"IMG_4084\" data-e-action-hash=\"#elementor-action%3Aaction%3Dlightbox%26settings%3DeyJpZCI6MTQ1NywidXJsIjoiaHR0cHM6XC9cL3dvcmRwcmVzcy5mZXVlcndlaHItd2FsZHN0ZXR0ZW4uZGVcL3dvcmRwcmVzc1wvd3AtY29udGVudFwvdXBsb2Fkc1wvMjAyNFwvMDZcL0lNR180MDg0LXNjYWxlZC5qcGVnIiwic2xpZGVzaG93IjoiODMwNjk1OCJ9\">\n\t\t\t\t\t<div class=\"e-gallery-image elementor-gallery-item__image\" data-thumbnail=\"https:\/\/wordpress.feuerwehr-waldstetten.de\/wordpress\/wp-content\/uploads\/2024\/06\/IMG_4084-225x300.jpeg\" data-width=\"225\" data-height=\"300\" aria-label=\"\" role=\"img\" ><\/div>\n\t\t\t\t\t\t\t\t\t\t\t<div class=\"elementor-gallery-item__overlay\"><\/div>\n\t\t\t\t\t\t\t\t\t\t\t\t\t\t<\/a>\n\t\t\t\t\t\t\t<a class=\"e-gallery-item elementor-gallery-item elementor-animated-content\" data-e-gallery-tags=\"0\" href=\"https:\/\/wordpress.feuerwehr-waldstetten.de\/wordpress\/wp-content\/uploads\/2024\/06\/IMG_4080-scaled.jpeg\" data-elementor-open-lightbox=\"yes\" data-elementor-lightbox-slideshow=\"8306958\" data-elementor-lightbox-title=\"IMG_4080\" data-e-action-hash=\"#elementor-action%3Aaction%3Dlightbox%26settings%3DeyJpZCI6MTQ1NSwidXJsIjoiaHR0cHM6XC9cL3dvcmRwcmVzcy5mZXVlcndlaHItd2FsZHN0ZXR0ZW4uZGVcL3dvcmRwcmVzc1wvd3AtY29udGVudFwvdXBsb2Fkc1wvMjAyNFwvMDZcL0lNR180MDgwLXNjYWxlZC5qcGVnIiwic2xpZGVzaG93IjoiODMwNjk1OCJ9\">\n\t\t\t\t\t<div class=\"e-gallery-image elementor-gallery-item__image\" data-thumbnail=\"https:\/\/wordpress.feuerwehr-waldstetten.de\/wordpress\/wp-content\/uploads\/2024\/06\/IMG_4080-225x300.jpeg\" data-width=\"225\" data-height=\"300\" aria-label=\"\" role=\"img\" ><\/div>\n\t\t\t\t\t\t\t\t\t\t\t<div class=\"elementor-gallery-item__overlay\"><\/div>\n\t\t\t\t\t\t\t\t\t\t\t\t\t\t<\/a>\n\t\t\t\t\t\t\t<a class=\"e-gallery-item elementor-gallery-item elementor-animated-content\" data-e-gallery-tags=\"0\" href=\"https:\/\/wordpress.feuerwehr-waldstetten.de\/wordpress\/wp-content\/uploads\/2024\/06\/IMG_4081-scaled.jpeg\" data-elementor-open-lightbox=\"yes\" data-elementor-lightbox-slideshow=\"8306958\" data-elementor-lightbox-title=\"IMG_4081\" data-e-action-hash=\"#elementor-action%3Aaction%3Dlightbox%26settings%3DeyJpZCI6MTQ1NiwidXJsIjoiaHR0cHM6XC9cL3dvcmRwcmVzcy5mZXVlcndlaHItd2FsZHN0ZXR0ZW4uZGVcL3dvcmRwcmVzc1wvd3AtY29udGVudFwvdXBsb2Fkc1wvMjAyNFwvMDZcL0lNR180MDgxLXNjYWxlZC5qcGVnIiwic2xpZGVzaG93IjoiODMwNjk1OCJ9\">\n\t\t\t\t\t<div class=\"e-gallery-image elementor-gallery-item__image\" data-thumbnail=\"https:\/\/wordpress.feuerwehr-waldstetten.de\/wordpress\/wp-content\/uploads\/2024\/06\/IMG_4081-225x300.jpeg\" data-width=\"225\" data-height=\"300\" aria-label=\"\" role=\"img\" ><\/div>\n\t\t\t\t\t\t\t\t\t\t\t<div class=\"elementor-gallery-item__overlay\"><\/div>\n\t\t\t\t\t\t\t\t\t\t\t\t\t\t<\/a>\n\t\t\t\t\t<\/div>\n\t\t\t\t\t<\/div>\n\t\t\t\t<\/div>\n\t\t\t\t\t<\/div>\n\t\t<\/div>\n\t\t\t\t\t<\/div>\n\t\t<\/section>\n\t\t\t\t<\/div>\n\t\t","protected":false},"excerpt":{"rendered":"<p>GW-T Typ:\u00a0Ger\u00e4tewagen TransportFunkrufname:\u00a0WA 1-74Fahrgestell:\u00a0MAN TGL 8.220Aufbau:\u00a0BarthBaujahr:\u00a02014Gesamtgewicht:\u00a08.000kgLeistung:\u00a0220 PS \u00a0 Beschreibung Der GW-T dient als Versorgungsfahrzeug. Er wurde in einem seltenen Konzept gemeinsam mit dem LF 10 beschafft und \u00fcbernimmt durch dazugeh\u00f6rige Themenw\u00e4gen die Komponenten, die sonst mit auf dem Gro\u00dffahrzeug h\u00e4tten verlastet werden m\u00fcssen. Dadurch steigt die Flexibilit\u00e4t im Einsatz enorm. Zus\u00e4tzlich wird dieses Fahrzeug h\u00e4ufig&hellip;&nbsp;<a href=\"https:\/\/wordpress.feuerwehr-waldstetten.de\/wordpress\/gw-t\/\" rel=\"bookmark\">Mehr lesen &raquo;<span class=\"screen-reader-text\">GW-T<\/span><\/a><\/p>\n","protected":false},"author":1,"featured_media":0,"parent":0,"menu_order":0,"comment_status":"closed","ping_status":"closed","template":"page-templates\/template-pagebuilder-full-width.php","meta":{"neve_meta_sidebar":"","neve_meta_container":"","neve_meta_enable_content_width":"","neve_meta_content_width":0,"neve_meta_title_alignment":"","neve_meta_author_avatar":"","neve_post_elements_order":"","neve_meta_disable_header":"","neve_meta_disable_footer":"","neve_meta_disable_title":"","neve_meta_reading_time":"","footnotes":""},"class_list":["post-648","page","type-page","status-publish","hentry"],"_links":{"self":[{"href":"https:\/\/wordpress.feuerwehr-waldstetten.de\/wordpress\/wp-json\/wp\/v2\/pages\/648","targetHints":{"allow":["GET"]}}],"collection":[{"href":"https:\/\/wordpress.feuerwehr-waldstetten.de\/wordpress\/wp-json\/wp\/v2\/pages"}],"about":[{"href":"https:\/\/wordpress.feuerwehr-waldstetten.de\/wordpress\/wp-json\/wp\/v2\/types\/page"}],"author":[{"embeddable":true,"href":"https:\/\/wordpress.feuerwehr-waldstetten.de\/wordpress\/wp-json\/wp\/v2\/users\/1"}],"replies":[{"embeddable":true,"href":"https:\/\/wordpress.feuerwehr-waldstetten.de\/wordpress\/wp-json\/wp\/v2\/comments?post=648"}],"version-history":[{"count":11,"href":"https:\/\/wordpress.feuerwehr-waldstetten.de\/wordpress\/wp-json\/wp\/v2\/pages\/648\/revisions"}],"predecessor-version":[{"id":1491,"href":"https:\/\/wordpress.feuerwehr-waldstetten.de\/wordpress\/wp-json\/wp\/v2\/pages\/648\/revisions\/1491"}],"wp:attachment":[{"href":"https:\/\/wordpress.feuerwehr-waldstetten.de\/wordpress\/wp-json\/wp\/v2\/media?parent=648"}],"curies":[{"name":"wp","href":"https:\/\/api.w.org\/{rel}","templated":true}]}}