{"id":878,"date":"2024-04-08T18:20:45","date_gmt":"2024-04-08T16:20:45","guid":{"rendered":"https:\/\/wordpress.feuerwehr-waldstetten.de\/wordpress\/?page_id=878"},"modified":"2024-05-03T00:30:10","modified_gmt":"2024-05-02T22:30:10","slug":"impressum","status":"publish","type":"page","link":"https:\/\/wordpress.feuerwehr-waldstetten.de\/wordpress\/impressum\/","title":{"rendered":"Impressum"},"content":{"rendered":"\t\t<div data-elementor-type=\"wp-page\" data-elementor-id=\"878\" class=\"elementor elementor-878\" data-elementor-post-type=\"page\">\n\t\t\t\t\t\t<section class=\"elementor-section elementor-top-section elementor-element elementor-element-987ffab elementor-section-boxed elementor-section-height-default elementor-section-height-default\" data-id=\"987ffab\" data-element_type=\"section\" data-e-type=\"section\">\n\t\t\t\t\t\t<div class=\"elementor-container elementor-column-gap-default\">\n\t\t\t\t\t<div class=\"elementor-column elementor-col-100 elementor-top-column elementor-element elementor-element-12ef198\" data-id=\"12ef198\" data-element_type=\"column\" data-e-type=\"column\">\n\t\t\t<div class=\"elementor-widget-wrap elementor-element-populated\">\n\t\t\t\t\t\t<div class=\"elementor-element elementor-element-d2ffe5c elementor-widget elementor-widget-spacer\" data-id=\"d2ffe5c\" data-element_type=\"widget\" data-e-type=\"widget\" data-widget_type=\"spacer.default\">\n\t\t\t\t<div class=\"elementor-widget-container\">\n\t\t\t\t\t\t\t<div class=\"elementor-spacer\">\n\t\t\t<div class=\"elementor-spacer-inner\"><\/div>\n\t\t<\/div>\n\t\t\t\t\t\t<\/div>\n\t\t\t\t<\/div>\n\t\t\t\t\t<\/div>\n\t\t<\/div>\n\t\t\t\t\t<\/div>\n\t\t<\/section>\n\t\t\t\t<section class=\"elementor-section elementor-top-section elementor-element elementor-element-bfe54fb elementor-section-boxed elementor-section-height-default elementor-section-height-default\" data-id=\"bfe54fb\" data-element_type=\"section\" data-e-type=\"section\">\n\t\t\t\t\t\t<div class=\"elementor-container elementor-column-gap-default\">\n\t\t\t\t\t<div class=\"elementor-column elementor-col-100 elementor-top-column elementor-element elementor-element-6261cad\" data-id=\"6261cad\" data-element_type=\"column\" data-e-type=\"column\">\n\t\t\t<div class=\"elementor-widget-wrap elementor-element-populated\">\n\t\t\t\t\t\t<div class=\"elementor-element elementor-element-89f9fbe elementor-widget elementor-widget-heading\" data-id=\"89f9fbe\" data-element_type=\"widget\" data-e-type=\"widget\" data-widget_type=\"heading.default\">\n\t\t\t\t<div class=\"elementor-widget-container\">\n\t\t\t\t\t<h2 class=\"elementor-heading-title elementor-size-default\">Impressum<\/h2>\t\t\t\t<\/div>\n\t\t\t\t<\/div>\n\t\t\t\t\t<\/div>\n\t\t<\/div>\n\t\t\t\t\t<\/div>\n\t\t<\/section>\n\t\t\t\t<section class=\"elementor-section elementor-top-section elementor-element elementor-element-a214866 elementor-section-boxed elementor-section-height-default elementor-section-height-default\" data-id=\"a214866\" data-element_type=\"section\" data-e-type=\"section\">\n\t\t\t\t\t\t<div class=\"elementor-container elementor-column-gap-default\">\n\t\t\t\t\t<div class=\"elementor-column elementor-col-100 elementor-top-column elementor-element elementor-element-112c567\" data-id=\"112c567\" data-element_type=\"column\" data-e-type=\"column\">\n\t\t\t<div class=\"elementor-widget-wrap elementor-element-populated\">\n\t\t\t\t\t\t<div class=\"elementor-element elementor-element-e7c90dd elementor-widget elementor-widget-text-editor\" data-id=\"e7c90dd\" data-element_type=\"widget\" data-e-type=\"widget\" data-widget_type=\"text-editor.default\">\n\t\t\t\t<div class=\"elementor-widget-container\">\n\t\t\t\t\t\t\t\t\t<p style=\"margin: 0cm 0cm 0.0001pt; font-size: 11pt; font-family: Calibri, sans-serif; caret-color: #000000; color: #000000;\">Impressum f\u00fcr die Homepage der Freiwilligen Feuerwehr Waldstetten<\/p><p style=\"margin: 0cm 0cm 0.0001pt; font-size: 11pt; font-family: Calibri, sans-serif; caret-color: #000000; color: #000000;\">Adresse: In der Au 2, 73550 Waldstetten<\/p><p style=\"margin: 0cm 0cm 0.0001pt; font-size: 11pt; font-family: Calibri, sans-serif; caret-color: #000000; color: #000000;\">\u00a0<\/p><p style=\"margin: 0cm 0cm 0.0001pt; font-size: 11pt; font-family: Calibri, sans-serif; caret-color: #000000; color: #000000;\">Gesamtverantwortlich:<\/p><p style=\"margin: 0cm 0cm 0.0001pt; font-size: 11pt; font-family: Calibri, sans-serif; caret-color: #000000; color: #000000;\">Kommandant: Ingo Brosch (E-Mail:\u00a0<a style=\"color: #954f72; text-decoration-line: underline;\" title=\"mailto:kommandant@feuerwehr-waldstetten.de\" contenteditable=\"false\" href=\"mailto:kommandant@feuerwehr-waldstetten.de\" target=\"_new\"><span style=\"color: windowtext; text-decoration-line: none;\">kommandant@feuerwehr-waldstetten.de<\/span><\/a><span style=\"color: #000000;\">)<\/span><\/p><p style=\"margin: 0cm 0cm 0.0001pt; font-size: 11pt; font-family: Calibri, sans-serif; caret-color: #000000; color: #000000;\">Verantwortlich f\u00fcr die Gestaltung: Nikolai H\u00fcbner (E-Mail:\u00a0<a style=\"color: #954f72; text-decoration-line: underline;\" title=\"mailto:presse@feuerwehr-waldstetten.de\" contenteditable=\"false\" href=\"mailto:presse@feuerwehr-waldstetten.de\" target=\"_new\"><span style=\"color: windowtext; text-decoration-line: none;\">presse@feuerwehr-waldstetten.de<\/span><\/a>)<\/p><p style=\"margin: 0cm 0cm 0.0001pt; font-size: 11pt; font-family: Calibri, sans-serif; caret-color: #000000; color: #000000;\"><b><span style=\"color: red;\">Die freiwillige Feuerwehr Waldstetten ist eine gemeinn\u00fctzige Einrichtung der Gemeinde ohne eigene Rechtspers\u00f6nlichkeit gem\u00e4\u00df \u00a7 1 Abs. 1 des Feuerwehrgesetzes Baden-W\u00fcrttemberg (FwG)<\/span><\/b><\/p><p style=\"margin: 0cm 0cm 0.0001pt; font-size: 11pt; font-family: Calibri, sans-serif; caret-color: #000000; color: #000000;\">\u00a0<\/p><p style=\"margin: 0cm 0cm 0.0001pt; font-size: 11pt; font-family: Calibri, sans-serif; caret-color: #000000; color: #000000;\">\u00a0<\/p><p style=\"margin: 0cm 0cm 0.0001pt; font-size: 11pt; font-family: Calibri, sans-serif; caret-color: #000000; color: #000000;\">Verantwortlich f\u00fcr den Inhalt gem\u00e4\u00df \u00a7 55 Abs. 2 RStV:<\/p><p style=\"margin: 0cm 0cm 0.0001pt; font-size: 11pt; font-family: Calibri, sans-serif; caret-color: #000000; color: #000000;\">Kommandant: Ingo Brosch (E-Mail:\u00a0<a style=\"color: #954f72; text-decoration-line: underline;\" title=\"mailto:kommandant@feuerwehr-waldstetten.de\" contenteditable=\"false\" href=\"mailto:kommandant@feuerwehr-waldstetten.de\" target=\"_new\"><span style=\"color: windowtext; text-decoration-line: none;\">kommandant@feuerwehr-waldstetten.de<\/span><\/a>)<\/p><p style=\"margin: 0cm 0cm 0.0001pt; font-size: 11pt; font-family: Calibri, sans-serif; caret-color: #000000; color: #000000;\">Haftungshinweis: Trotz sorgf\u00e4ltiger inhaltlicher Kontrolle \u00fcbernehmen wir keine Haftung f\u00fcr die Inhalte externer Links. F\u00fcr den Inhalt verlinkter Seiten sind ausschlie\u00dflich deren Betreiber verantwortlich.<\/p><p style=\"margin: 0cm 0cm 0.0001pt; font-size: 11pt; font-family: Calibri, sans-serif; caret-color: #000000; color: #000000;\">\u00a0<\/p><p style=\"margin: 0cm 0cm 0.0001pt; font-size: 11pt; font-family: Calibri, sans-serif; caret-color: #000000; color: #000000;\">Hinweis zum Datenschutz: Informationen zum Datenschutz finden Sie in unserem Datenschutzhinweis.<\/p><p style=\"margin: 0cm 0cm 0.0001pt; font-size: 11pt; font-family: Calibri, sans-serif; caret-color: #000000; color: #000000;\">\u00a0<\/p><p style=\"margin: 0cm 0cm 0.0001pt; font-size: 11pt; font-family: Calibri, sans-serif; caret-color: #000000; color: #000000;\">Design und technische Umsetzung: Die Website wurde mit WordPress erstellt.<\/p><p style=\"margin: 0cm 0cm 0.0001pt; font-size: 11pt; font-family: Calibri, sans-serif; caret-color: #000000; color: #000000;\">\u00a0<\/p><p style=\"margin: 0cm 0cm 0.0001pt; font-size: 11pt; font-family: Calibri, sans-serif; caret-color: #000000; color: #000000;\">Bildnachweise: Alle Bilder wurden entweder von der Freiwilligen Feuerwehr Waldstetten selbst erstellt oder mit ausdr\u00fccklicher Zustimmung des jeweiligen Urhebers verwendet.<\/p><p style=\"margin: 0cm 0cm 0.0001pt; font-size: 11pt; font-family: Calibri, sans-serif; caret-color: #000000; color: #000000;\">\u00a0<\/p><p style=\"margin: 0cm 0cm 0.0001pt; font-size: 11pt; font-family: Calibri, sans-serif; caret-color: #000000; color: #000000;\">Urheberrecht: Die Inhalte und Werke auf dieser Website unterliegen dem deutschen Urheberrecht. Die Vervielf\u00e4ltigung, Bearbeitung, Verbreitung und jede Art der Verwertung au\u00dferhalb der Grenzen des Urheberrechts bed\u00fcrfen der schriftlichen Zustimmung des jeweiligen Autors bzw. Erstellers. Downloads und Kopien dieser Seite sind nur f\u00fcr den privaten, nicht kommerziellen Gebrauch gestattet.<\/p>\t\t\t\t\t\t\t\t<\/div>\n\t\t\t\t<\/div>\n\t\t\t\t\t<\/div>\n\t\t<\/div>\n\t\t\t\t\t<\/div>\n\t\t<\/section>\n\t\t\t\t<\/div>\n\t\t","protected":false},"excerpt":{"rendered":"<p>Impressum Impressum f\u00fcr die Homepage der Freiwilligen Feuerwehr Waldstetten Adresse: In der Au 2, 73550 Waldstetten \u00a0 Gesamtverantwortlich: Kommandant: Ingo Brosch (E-Mail:\u00a0kommandant@feuerwehr-waldstetten.de) Verantwortlich f\u00fcr die Gestaltung: Nikolai H\u00fcbner (E-Mail:\u00a0presse@feuerwehr-waldstetten.de) Die freiwillige Feuerwehr Waldstetten ist eine gemeinn\u00fctzige Einrichtung der Gemeinde ohne eigene Rechtspers\u00f6nlichkeit gem\u00e4\u00df \u00a7 1 Abs. 1 des Feuerwehrgesetzes Baden-W\u00fcrttemberg (FwG) \u00a0 \u00a0 Verantwortlich f\u00fcr&hellip;&nbsp;<a href=\"https:\/\/wordpress.feuerwehr-waldstetten.de\/wordpress\/impressum\/\" rel=\"bookmark\">Mehr lesen &raquo;<span class=\"screen-reader-text\">Impressum<\/span><\/a><\/p>\n","protected":false},"author":1,"featured_media":0,"parent":0,"menu_order":0,"comment_status":"closed","ping_status":"closed","template":"page-templates\/template-pagebuilder-full-width.php","meta":{"neve_meta_sidebar":"","neve_meta_container":"","neve_meta_enable_content_width":"","neve_meta_content_width":0,"neve_meta_title_alignment":"","neve_meta_author_avatar":"","neve_post_elements_order":"","neve_meta_disable_header":"","neve_meta_disable_footer":"","neve_meta_disable_title":"","neve_meta_reading_time":"","footnotes":""},"class_list":["post-878","page","type-page","status-publish","hentry"],"_links":{"self":[{"href":"https:\/\/wordpress.feuerwehr-waldstetten.de\/wordpress\/wp-json\/wp\/v2\/pages\/878","targetHints":{"allow":["GET"]}}],"collection":[{"href":"https:\/\/wordpress.feuerwehr-waldstetten.de\/wordpress\/wp-json\/wp\/v2\/pages"}],"about":[{"href":"https:\/\/wordpress.feuerwehr-waldstetten.de\/wordpress\/wp-json\/wp\/v2\/types\/page"}],"author":[{"embeddable":true,"href":"https:\/\/wordpress.feuerwehr-waldstetten.de\/wordpress\/wp-json\/wp\/v2\/users\/1"}],"replies":[{"embeddable":true,"href":"https:\/\/wordpress.feuerwehr-waldstetten.de\/wordpress\/wp-json\/wp\/v2\/comments?post=878"}],"version-history":[{"count":10,"href":"https:\/\/wordpress.feuerwehr-waldstetten.de\/wordpress\/wp-json\/wp\/v2\/pages\/878\/revisions"}],"predecessor-version":[{"id":1066,"href":"https:\/\/wordpress.feuerwehr-waldstetten.de\/wordpress\/wp-json\/wp\/v2\/pages\/878\/revisions\/1066"}],"wp:attachment":[{"href":"https:\/\/wordpress.feuerwehr-waldstetten.de\/wordpress\/wp-json\/wp\/v2\/media?parent=878"}],"curies":[{"name":"wp","href":"https:\/\/api.w.org\/{rel}","templated":true}]}}